{"id":113,"date":"2016-09-24T23:55:46","date_gmt":"2016-09-24T21:55:46","guid":{"rendered":"http:\/\/ferienwohnung-in-westerstede.de\/?page_id=113"},"modified":"2016-09-25T22:32:36","modified_gmt":"2016-09-25T20:32:36","slug":"wohnzimmer","status":"publish","type":"page","link":"http:\/\/ferienwohnung-in-westerstede.de\/?page_id=113","title":{"rendered":"&#8222;De Stuuv&#8220;"},"content":{"rendered":"<p>Das ger\u00e4umige Wohnzimmer mit gro\u00dfen Fenstern ist ausgestattet mit einer gem\u00fctlichen Couch und<\/p>\n<p>einem gro\u00dfen Flachbildfernseher. Es bietet ausreichend Platz f\u00fcr ein gem\u00fctliches Miteinander<\/p>\n<p><!--more--><\/p>\n<p><img decoding=\"async\" loading=\"lazy\" src=\"http:\/\/ferienwohnung-in-westerstede.de\/wp-content\/uploads\/2016\/09\/IMGP1113.jpg\" width=\"400\" height=\"80\" border=\"0\" alt=\"Wohnzimmer\" \/><br \/>\n<img decoding=\"async\" loading=\"lazy\" src=\"http:\/\/ferienwohnung-in-westerstede.de\/wp-content\/uploads\/2016\/09\/IMGP1048.jpg\" width=\"400\" height=\"80\" border=\"0\" alt=\"Wohnzimmer\" \/><br \/>\n<img decoding=\"async\" loading=\"lazy\" src=\"http:\/\/ferienwohnung-in-westerstede.de\/wp-content\/uploads\/2016\/09\/IMGP1106.jpg\" width=\"400\" height=\"80\" border=\"0\"alt=\"Wohnzimmer\" \/><\/p>\n","protected":false},"excerpt":{"rendered":"<p>Das ger\u00e4umige Wohnzimmer mit gro\u00dfen Fenstern ist ausgestattet mit einer gem\u00fctlichen Couch und einem gro\u00dfen Flachbildfernseher. Es bietet ausreichend Platz f\u00fcr ein gem\u00fctliches Miteinander<\/p><p><a class=\"more-link btn\" href=\"http:\/\/ferienwohnung-in-westerstede.de\/?page_id=113\">Weiterlesen<\/a><\/p>\n","protected":false},"author":1,"featured_media":114,"parent":2,"menu_order":5,"comment_status":"closed","ping_status":"closed","template":"","meta":[],"_links":{"self":[{"href":"http:\/\/ferienwohnung-in-westerstede.de\/index.php?rest_route=\/wp\/v2\/pages\/113"}],"collection":[{"href":"http:\/\/ferienwohnung-in-westerstede.de\/index.php?rest_route=\/wp\/v2\/pages"}],"about":[{"href":"http:\/\/ferienwohnung-in-westerstede.de\/index.php?rest_route=\/wp\/v2\/types\/page"}],"author":[{"embeddable":true,"href":"http:\/\/ferienwohnung-in-westerstede.de\/index.php?rest_route=\/wp\/v2\/users\/1"}],"replies":[{"embeddable":true,"href":"http:\/\/ferienwohnung-in-westerstede.de\/index.php?rest_route=%2Fwp%2Fv2%2Fcomments&post=113"}],"version-history":[{"count":6,"href":"http:\/\/ferienwohnung-in-westerstede.de\/index.php?rest_route=\/wp\/v2\/pages\/113\/revisions"}],"predecessor-version":[{"id":184,"href":"http:\/\/ferienwohnung-in-westerstede.de\/index.php?rest_route=\/wp\/v2\/pages\/113\/revisions\/184"}],"up":[{"embeddable":true,"href":"http:\/\/ferienwohnung-in-westerstede.de\/index.php?rest_route=\/wp\/v2\/pages\/2"}],"wp:featuredmedia":[{"embeddable":true,"href":"http:\/\/ferienwohnung-in-westerstede.de\/index.php?rest_route=\/wp\/v2\/media\/114"}],"wp:attachment":[{"href":"http:\/\/ferienwohnung-in-westerstede.de\/index.php?rest_route=%2Fwp%2Fv2%2Fmedia&parent=113"}],"curies":[{"name":"wp","href":"https:\/\/api.w.org\/{rel}","templated":true}]}}